pose -502 = -5*z + 3*h, -2*h = 5*z - 111 - 371. What is the highest common factor of 14 and z?
14
Suppose 0 = -4*a + 81 - 1. Calculate the greatest common divisor of a and 140.
20
Let q = 2241 + -1523. Let h be 4/18 + q/9. Let z be ((-4)/(-5))/((-3)/(-120)). What is the highest common factor of z and h?
16
Suppose 4*u = 3*t + 151, -6*u + 185 = -u - 5*t. Suppose 5*j - 84 = 4*o, 3*j + 2*j - 75 = -5*o. What is the highest common factor of u and j?
8
Let g(j) = j**2 + 2. Let c be g(-2). Let q(r) = -7*r - 1. Suppose 3*v + 3 = -18. Let k be q(v). Calculate the greatest common divisor of k and c.
6
Let a(h) = 2*h - 9. Let n be a(11). Let z = 106 - -11. Calculate the greatest common divisor of n and z.
13
Let a be (-138)/(-48) + (-1)/(-8) + 1. What is the highest common divisor of 2 and a?
2
Suppose -6 = -4*w + l + l, -w + 9 = 2*l. Suppose g = -g - d + 361, 4*g - 717 = w*d. What is the greatest common divisor of g and 18?
18
Let m = -12 + 15. Let b be (27/m)/(3/2). What is the highest common divisor of b and 12?
6
Let k be 31 + -1*(-1 - -2). Let h(q) = q + 7. Let a be h(-5). Let s be (-1 + a)*1 - -5. What is the greatest common factor of k and s?
6
Suppose 3*d - 2*d = 18. Let i(j) = 2*j**2 - 37*j - 15. Let s be i(20). What is the greatest common factor of s and d?
9
Suppose -1 = 4*d + 7. Let g be (d/6)/(2/(-30)). Suppose 0*j - 2*j - 19 = -k, -g*k + 110 = 5*j. Calculate the greatest common divisor of 231 and k.
21
Let b = 88 - 74. Calculate the highest common divisor of 154 and b.
14
Let a = 25 + -15. Let r = a + -6. What is the greatest common divisor of r and 4?
4
Suppose -8*t + 12*t - 40 = 0. Calculate the greatest common factor of t and 80.
10
Let b(k) be the second derivative of -k**5/20 - 2*k**4/3 + 4*k**3/3 + k**2 - 5*k. Let x be b(-9). What is the highest common factor of x and 121?
11
Let f(t) = -2*t + 7. Let x be f(-2). What is the greatest common divisor of 121 and x?
11
Let n(x) = x**2 + 10*x - 8. Let v be n(-12). Calculate the highest common divisor of v and 112.
16
Let z(u) = u**3 - 10*u**2 + 4*u + 2. Let f be z(10). What is the highest common divisor of 28 and f?
14
Let l = 155 - 236. Let u = l + 126. Suppose 4*z + 2*g = z + 64, 0 = -3*z - 5*g + 79. Calculate the greatest common factor of z and u.
9
Let l be ((-3)/3)/((-1)/7). Suppose 5*k - 174 = w, -2*k - w = -21 - 50. What is the highest common divisor of k and l?
7
Let y = -11 + 6. Let s be y*18*6/(-10). Let b = s - 18. What is the greatest common factor of 4 and b?
4
Suppose 5*p - 19 = h, -5*p - h + 2 = -9. Let z be p + (-3)/(-2 - -5). Let v = z + 5. What is the greatest common factor of 28 and v?
7
Suppose -2*v + 0*v = 5*x + 9, 3 = 4*x + 5*v. Let l = x + 5. Suppose -l*w + 27 = w. Calculate the highest common factor of 9 and w.
9
Let o be -47*(-3 + (-6)/(-3)). Let x = o + -20. Let i = -4 + 13. Calculate the greatest common factor of i and x.
9
Suppose 4*i - 9 - 11 = 0. Calculate the highest common factor of 55 and i.
5
Let v be (12/8)/((-1)/(-2)). Suppose 10 = 5*c - v*c. What is the greatest common factor of c and 20?
5
Let i(z) = z**3 - 2*z**2 - 2*z - 3. Let t be i(3). Suppose t = n - 3*k - 99, -2*n - 418 = -6*n + k. What is the highest common factor of 15 and n?
15
Let j be 30/((-1)/(-3)*2). Calculate the highest common factor of j and 9.
9
Let r = 35 - 15. Let w(b) = -b**3 + 9*b**2 - 6*b - 6. Let n be -3 + -10*1/(-1). Let h be w(n). Calculate the highest common divisor of r and h.
10
Suppose -2 = -2*c, 2*c + 12 = 2*m - 16. Let x = -8 + m. What is the highest common divisor of 28 and x?
7
Suppose -12*k = -11*k - 11. Calculate the highest common factor of 88 and k.
11
Let b be (-9 + 8)*13/1. Let o = b + 21. What is the highest common factor of 12 and o?
4
Let f be 32/(-10)*15/(-3). Let v(n) = 2*n**2 + 5*n - 6. Let b(j) = -3*j + 5. Let q be b(5). Let k be v(q). What is the greatest common factor of k and f?
16
Let c = 55 + -19. Calculate the highest common factor of 24 and c.
12
Suppose 5*z + 34 = 159. Suppose 0*p + o - z = -2*p, 64 = 5*p + 3*o. Calculate the highest common divisor of 55 and p.
11
Suppose -4*d - d = -60. Suppose -4*v + 80 + 40 = 0. Calculate the greatest common divisor of d and v.
6
Let u be 1/1 + -43*1. Let b be 1/((-3)/u)*2. What is the highest common divisor of b and 42?
14
Let a be 0 + -2 + 5 + -1. Suppose a*n = 4*u - 34, -2*n + 22 = -3*n - 3*u. Let m = n - -35. Calculate the greatest common factor of m and 128.
16
Let z = -542 + 797. What is the greatest common factor of z and 15?
15
Suppose -48 = -4*x - 4*n, -4*x + n = -61 - 7. Suppose 4*f + 2*w = -x, 5*f - 5*w - 14 = -64. Let o = 15 + f. What is the greatest common factor of o and 9?
9
Suppose 3*a = 2*a + 3*w, -6 = -a + w. Let i be 0 + -1 + 14/7. Let r = i + 0. What is the highest common factor of r and a?
1
Let h = -11 - -18. Suppose u = h - 2. Let t be (-1)/3 - (-21)/9. Calculate the greatest common divisor of u and t.
1
Let a(l) = l**2 + 7*l + 1 + 0*l**2 + 0*l**2 - 4. Let z be a(-8). Suppose -z*g - 34 + 454 = 0. What is the highest common divisor of g and 12?
12
Suppose -w + 43 = 13. Calculate the greatest common factor of w and 330.
30
Let z = 60 - 16. Let g = -10 + z. What is the highest common factor of 17 and g?
17
Suppose 0 = 3*a - 8 - 7. Let f be 14/35 - (-198)/5. What is the highest common factor of f and a?
5
Let x(d) be the first derivative of -13*d**2/2 + 2*d + 3. Let t be x(-2). Calculate the highest common divisor of t and 14.
14
Suppose 7 - 17 = -c. What is the highest common divisor of c and 40?
10
Let c(h) = h - 2. Let z be c(3). Let l be (4/(-3))/(14/(-105)). Calculate the greatest common factor of l and z.
1
Suppose m - 6*m = -20, -3*m + 87 = 5*k. Let g(j) = j**3 - 7*j**2 - 7*j + 6. Let h be g(9). What is the highest common factor of h and k?
15
Let c be ((-10)/(-25))/((-2)/(-10)). Suppose 0 = -5*i + 10 + 10. Suppose 0 = 2*z + 5*l - 57, i*z + 3*l - 5*l = 54. What is the highest common factor of z and c?
2
Suppose 34 = -4*c + 2. Let p be 24/15*(-20)/c. What is the greatest common divisor of p and 16?
4
Let s be (4 + -1 - 7) + 25. What is the greatest common divisor of 168 and s?
21
Let m = 193 + -112. What is the highest common factor of 54 and m?
27
Let f be (-20)/8 - (-3)/6. Let h be f + (2 + 30 - 0). Suppose 2*x - 6 = 0, a - 27 = -3*x + 27. Calculate the highest common factor of a and h.
15
Let i be -7*3*6/(-9). Suppose -i + 2 = -2*h. Calculate the highest common divisor of h and 15.
3
Suppose 4*r + 4*z = 77 + 247, -3*z + 324 = 4*r. Let y = -33 + r. Calculate the greatest common factor of 16 and y.
16
Let n = 77 + -53. What is the highest common factor of n and 216?
24
Let a = 10 - 16. Let h be ((-184)/(-6))/((-2)/a). What is the greatest common divisor of h and 23?
23
Let s(b) = -2*b**3 - 7*b**2. Let v be s(-5). What is the greatest common divisor of v and 50?
25
Suppose 3*p - 33 = -9. Suppose -4*l + 54 = 3*a, -5*a + 3*l + 69 - p = 0. Calculate the highest common divisor of 154 and a.
14
Let r(x) = 3*x - 9. Let k be r(4). Suppose -k*d = -15, p + 2*d = -0*d + 30. Calculate the highest common factor of p and 4.
4
Suppose -21 + 66 = 3*l. Let q be ((-40)/(-6))/((-2)/(-36)). What is the highest common divisor of l and q?
15
Suppose -5*z + 29 = -31. Let t = 4 - -1. Let q = t + -2. What is the greatest common divisor of z and q?
3
Let u be 450 - 4/(-8)*-4. Suppose 2*l - 2*t + u = 4*l, 4*t + 229 = l. What is the highest common factor of 25 and l?
25
Suppose 55 = 6*v - v. Suppose 2*b + 88 = 6*b. What is the greatest common factor of v and b?
11
Suppose 5*p = -u + 15 + 9, 2*u - 3*p = -4. Calculate the greatest common factor of u and 28.
4
Let j be 16/(-10)*170/(-2). Calculate the highest common factor of j and 17.
17
Let u = 0 - -3. Suppose 0 = -2*z - u*z + 25, -3*f + 3*z = -81. Calculate the greatest common divisor of 8 and f.
8
Let t = -4 - -4. Let i(z) = z**2 + 5. Let w be i(t). Let a(m) = -m + 50. Let b be a(0). What is the greatest common factor of b and w?
5
Let o be ((-16)/20)/((-2)/5). Suppose -h = -3*p + 7 - 43, p + 52 = o*h. What is the highest common divisor of 6 and h?
6
Let y = -48 + 98. Suppose -y = -5*k - 5. Calculate the greatest common divisor of 72 and k.
9
Let a be (3/1 - -18) + -1. Let t(n) = 2*n**2 + 2. Let s be t(-3). Calculate the highest common factor of s and a.
20
Le